{"id":4380,"date":"2022-05-10T12:05:51","date_gmt":"2022-05-10T10:05:51","guid":{"rendered":"https:\/\/visitvinkovci.com\/?page_id=4380"},"modified":"2024-12-16T10:24:54","modified_gmt":"2024-12-16T09:24:54","slug":"istrazite","status":"publish","type":"page","link":"https:\/\/visitvinkovci.com\/en\/istrazite\/","title":{"rendered":"Explore"},"content":{"rendered":"<section class=\"l-section wpb_row us_custom_381c562c has_text_color height_medium full_height valign_center with_img with_video\"><div class=\"l-section-img\" style=\"background-image: url(https:\/\/visitvinkovci.com\/wp-content\/uploads\/2022\/05\/Srebrno-posude.jpg);\" data-img-width=\"960\" data-img-height=\"651\"><\/div><style>@media(max-width:6px){#us_bg_video_l270{display:none!important}}<\/style><div class=\"l-section-video\" id=\"us_bg_video_l270\"><video muted loop autoplay playsinline preload=\"auto\"><source type=\"video\/mp4\" src=\"https:\/\/visitvinkovci.com\/wp-content\/uploads\/2022\/06\/10mb-bez-zvuka.mp4\" \/><\/video><\/div><div class=\"l-section-overlay\" style=\"background:rgba(26,26,26,0.50)\"><\/div><div class=\"l-section-h i-cf\"><div class=\"g-cols vc_row via_flex valign_top type_default\"><div class=\"vc_col-sm-12 wpb_column vc_column_container\"><div class=\"vc_column-inner\"><div class=\"wpb_wrapper\"><div class=\"g-cols wpb_row via_flex valign_top type_default\"><div class=\"vc_col-sm-12 wpb_column vc_column_container\"><div class=\"vc_column-inner\"><div class=\"wpb_wrapper\"><\/div><\/div><\/div><\/div><div class=\"wpb_text_column\"><div class=\"wpb_wrapper\"><h1 style=\"text-align: center;\">TOWN MUSEUM VINKOVCI<\/h1>\n<\/div><\/div><div class=\"w-btn-wrapper align_center\"><a class=\"w-btn us-btn-style_1 us_custom_703b2333\" title=\"Roman days\" href=\"https:\/\/muzejvk.hr\/\"><span class=\"w-btn-label\">EXPLORE MORE<\/span><\/a><\/div><\/div><\/div><\/div><\/div><\/div><\/section><section class=\"l-section wpb_row us_custom_381c562c has_text_color height_medium full_height valign_center with_img parallax_fixed\"><div class=\"l-section-img\" style=\"background-image: url(https:\/\/visitvinkovci.com\/wp-content\/uploads\/2024\/12\/Knjiznica-Otvorenje-4-of-199-scaled.jpg);\" data-img-width=\"2560\" data-img-height=\"1707\"><\/div><div class=\"l-section-overlay\" style=\"background:rgba(26,26,26,0.50)\"><\/div><div class=\"l-section-h i-cf\"><div class=\"g-cols vc_row via_flex valign_top type_default\"><div class=\"vc_col-sm-6 wpb_column vc_column_container\"><div class=\"vc_column-inner\"><div class=\"wpb_wrapper\"><div class=\"wpb_text_column\"><div class=\"wpb_wrapper\"><h1>GRADSKA KNJI\u017dNICA I \u010cITAONICA VINKOVCI<\/h1>\n<p>Nova moderna Gradska knji\u017enica i \u010ditaonica Vinkovci sljednica je Vinkova\u010dke \u010ditaonice koja je osnovana 9. kolovoza 1875. godine.<\/p>\n<\/div><\/div><div class=\"w-btn-wrapper align_none\"><a class=\"w-btn us-btn-style_1\" title=\"Saznaj vi\u0161e\" href=\"https:\/\/visitvinkovci.com\/en\/istrazite\/gradska-knjiznica-i-citaonica-vinkovci\/\"><span class=\"w-btn-label\">LEARN MORE<\/span><\/a><\/div><\/div><\/div><\/div><div class=\"vc_col-sm-6 wpb_column vc_column_container\"><div class=\"vc_column-inner\"><div class=\"wpb_wrapper\"><\/div><\/div><\/div><\/div><\/div><\/section><section class=\"l-section wpb_row us_custom_381c562c has_text_color height_medium full_height valign_center with_img parallax_fixed\"><div class=\"l-section-img\" style=\"background-image: url(https:\/\/visitvinkovci.com\/wp-content\/uploads\/2024\/12\/kazaliste-web-3-scaled.jpg);\" data-img-width=\"2560\" data-img-height=\"1441\"><\/div><div class=\"l-section-overlay\" style=\"background:rgba(26,26,26,0.50)\"><\/div><div class=\"l-section-h i-cf\"><div class=\"g-cols vc_row via_flex valign_top type_default\"><div class=\"vc_col-sm-6 wpb_column vc_column_container\"><div class=\"vc_column-inner\"><div class=\"wpb_wrapper\"><\/div><\/div><\/div><div class=\"vc_col-sm-6 wpb_column vc_column_container\"><div class=\"vc_column-inner\"><div class=\"wpb_wrapper\"><div class=\"wpb_text_column\"><div class=\"wpb_wrapper\"><h1>GRADSKO KAZALI\u0160TE &#8220;JOZA IVAKI\u0106&#8221; VINKOVCI<\/h1>\n<p>Kazali\u0161na tradicija u Vinkovcima se\u017ee u daleku 1917. godinu kada je Diletantsko kazali\u0161te izvelo &#8220;Prosce&#8221; Ise Velikanovi\u0107a. i &#8220;Za\u010darani ormar&#8221; Ferde \u017d. Milera. Ova djela najavila su bogati gra\u0111anski repertoar vinkova\u010dkoj sceni do drugog velikog rata. Ve\u0107 5.. srpnja 1945. formirano je Narodno kazali\u0161te Vinkovci, a predstavom &#8220;Po\u017ear strasti&#8221; J. Kosora najavilo je zavi\u010dajni repertoar.<\/p>\n<\/div><\/div><div class=\"w-btn-wrapper align_none\"><a class=\"w-btn us-btn-style_1\" href=\"https:\/\/visitvinkovci.com\/en\/gradsko-kazaliste-joza-ivakic-vinkovci\/\"><span class=\"w-btn-label\">LEARN MORE<\/span><\/a><\/div><\/div><\/div><\/div><\/div><\/div><\/section><section class=\"l-section wpb_row us_custom_381c562c has_text_color height_medium full_height valign_center with_img parallax_fixed\"><div class=\"l-section-img\" style=\"background-image: url(https:\/\/visitvinkovci.com\/wp-content\/uploads\/2022\/05\/rimski_dani-5.jpg);\" data-img-width=\"2400\" data-img-height=\"1600\"><\/div><div class=\"l-section-overlay\" style=\"background:rgba(26,26,26,0.50)\"><\/div><div class=\"l-section-h i-cf\"><div class=\"g-cols vc_row via_flex valign_top type_default\"><div class=\"vc_col-sm-6 wpb_column vc_column_container\"><div class=\"vc_column-inner\"><div class=\"wpb_wrapper\"><div class=\"wpb_text_column\"><div class=\"wpb_wrapper\"><h1>ROMAN DAYS<\/h1>\n<p>Roman Days is an event to present the rich history and influence of the Roman Empire on the area of \u200b\u200bthe town of Vinkovci. Vinkovci, then Colonia Aurelia Cibalae\u2026<\/p>\n<\/div><\/div><div class=\"w-btn-wrapper align_none\"><a class=\"w-btn us-btn-style_1 us_custom_703b2333\" title=\"Roman days\" href=\"https:\/\/visitvinkovci.com\/en\/istrazite\/rimski-dani\/\"><span class=\"w-btn-label\">LEARN MORE<\/span><\/a><\/div><\/div><\/div><\/div><div class=\"vc_col-sm-6 wpb_column vc_column_container\"><div class=\"vc_column-inner\"><div class=\"wpb_wrapper\"><\/div><\/div><\/div><\/div><\/div><\/section><section class=\"l-section wpb_row us_custom_381c562c has_text_color height_medium full_height valign_center with_img parallax_fixed\"><div class=\"l-section-img\" style=\"background-image: url(https:\/\/visitvinkovci.com\/wp-content\/uploads\/2022\/05\/vinkovacke_jeseni-3.jpg);\" data-img-width=\"2400\" data-img-height=\"1600\"><\/div><div class=\"l-section-overlay\" style=\"background:rgba(26,26,26,0.50)\"><\/div><div class=\"l-section-h i-cf\"><div class=\"g-cols vc_row via_flex valign_top type_default\"><div class=\"vc_col-sm-6 wpb_column vc_column_container\"><div class=\"vc_column-inner\"><div class=\"wpb_wrapper\"><\/div><\/div><\/div><div class=\"vc_col-sm-6 wpb_column vc_column_container\"><div class=\"vc_column-inner\"><div class=\"wpb_wrapper\"><div class=\"wpb_text_column\"><div class=\"wpb_wrapper\"><h1>VINKOVA\u010cKE JESENI<\/h1>\n<p>The apple is a symbol of the festival Vinkova\u010dke jeseni (Vinkovci Autumn) \u2013 the oldest and most significant cultural and artistic manifestation of this region.<\/p>\n<\/div><\/div><div class=\"w-btn-wrapper align_none\"><a class=\"w-btn us-btn-style_1 us_custom_703b2333\" title=\"Sopot\" href=\"https:\/\/visitvinkovci.com\/en\/istrazite\/vinkovacke-jeseni\/\"><span class=\"w-btn-label\">LEARN MORE<\/span><\/a><\/div><\/div><\/div><\/div><\/div><\/div><\/section><section class=\"l-section wpb_row us_custom_381c562c section-priroda has_text_color height_medium full_height valign_center with_img parallax_fixed\"><div class=\"l-section-img\" style=\"background-image: url(https:\/\/visitvinkovci.com\/wp-content\/uploads\/2022\/06\/istrazite-priroda.jpg);\" data-img-width=\"1280\" data-img-height=\"853\"><\/div><div class=\"l-section-overlay\" style=\"background:rgba(26,26,26,0.50)\"><\/div><div class=\"l-section-h i-cf\"><div class=\"g-cols vc_row via_flex valign_top type_default\"><div class=\"vc_col-sm-6 wpb_column vc_column_container\"><div class=\"vc_column-inner\"><div class=\"wpb_wrapper\"><div class=\"wpb_text_column\"><div class=\"wpb_wrapper\"><h1>NATURE<\/h1>\n<p>If you come to Vinkovci from the motorway, you will pass through the centuries-old oak forest in Kunjevci even before entering the town. Whether you are a passionate hunter and fisherman or just an interested nature observer, Slavonian forest is well worth your visit.<\/p>\n<\/div><\/div><div class=\"wpb_text_column us_custom_19f9061b has_text_color\"><div class=\"wpb_wrapper\"><p>Author of photo: Mario Romuli\u0107<\/p>\n<\/div><\/div><div class=\"w-btn-wrapper align_none\"><a class=\"w-btn us-btn-style_1 us_custom_703b2333\" title=\"Roman days\" href=\"https:\/\/visitvinkovci.com\/en\/istrazite\/priroda\/\"><span class=\"w-btn-label\">LEARN MORE<\/span><\/a><\/div><\/div><\/div><\/div><div class=\"vc_col-sm-6 wpb_column vc_column_container\"><div class=\"vc_column-inner\"><div class=\"wpb_wrapper\"><\/div><\/div><\/div><\/div><\/div><\/section><section class=\"l-section wpb_row us_custom_381c562c has_text_color height_medium full_height valign_center with_img parallax_fixed\"><div class=\"l-section-img\" style=\"background-image: url(https:\/\/visitvinkovci.com\/wp-content\/uploads\/2022\/05\/Sakralna-bastina.jpg);\" data-img-width=\"1920\" data-img-height=\"1280\"><\/div><div class=\"l-section-overlay\" style=\"background:rgba(26,26,26,0.50)\"><\/div><div class=\"l-section-h i-cf\"><div class=\"g-cols vc_row via_flex valign_top type_default\"><div class=\"vc_col-sm-6 wpb_column vc_column_container\"><div class=\"vc_column-inner\"><div class=\"wpb_wrapper\"><\/div><\/div><\/div><div class=\"vc_col-sm-6 wpb_column vc_column_container\"><div class=\"vc_column-inner\"><div class=\"wpb_wrapper\"><div class=\"wpb_text_column\"><div class=\"wpb_wrapper\"><h1>SACRAL HERITAGE<\/h1>\n<p>Cibalae belongs to the most prominent early Christian centres. In early as 3rd it had a bishop, Eusebius, who died as a martyr in the persecution of Christians during Emperor Valerian in 258 AD.<\/p>\n<\/div><\/div><div class=\"w-btn-wrapper align_none\"><a class=\"w-btn us-btn-style_1 us_custom_703b2333\" title=\"Sopot\" href=\"https:\/\/visitvinkovci.com\/en\/istrazite\/sakralna-bastina\/\"><span class=\"w-btn-label\">LEARN MORE<\/span><\/a><\/div><\/div><\/div><\/div><\/div><\/div><\/section>","protected":false},"excerpt":{"rendered":"GRADSKI MUZEJ VINKOVCI ISTRA\u017dITE VI\u0160EGRADSKA KNJI\u017dNICA I \u010cITAONICA VINKOVCI Nova moderna Gradska knji\u017enica i \u010ditaonica Vinkovci sljednica je Vinkova\u010dke \u010ditaonice koja je osnovana 9. kolovoza 1875. godine. SAZNAJ VI\u0160EGRADSKO KAZALI\u0160TE...","protected":false},"author":1,"featured_media":0,"parent":0,"menu_order":0,"comment_status":"closed","ping_status":"closed","template":"","meta":{"footnotes":""},"class_list":["post-4380","page","type-page","status-publish","hentry"],"acf":[],"_links":{"self":[{"href":"https:\/\/visitvinkovci.com\/en\/wp-json\/wp\/v2\/pages\/4380","targetHints":{"allow":["GET"]}}],"collection":[{"href":"https:\/\/visitvinkovci.com\/en\/wp-json\/wp\/v2\/pages"}],"about":[{"href":"https:\/\/visitvinkovci.com\/en\/wp-json\/wp\/v2\/types\/page"}],"author":[{"embeddable":true,"href":"https:\/\/visitvinkovci.com\/en\/wp-json\/wp\/v2\/users\/1"}],"replies":[{"embeddable":true,"href":"https:\/\/visitvinkovci.com\/en\/wp-json\/wp\/v2\/comments?post=4380"}],"version-history":[{"count":28,"href":"https:\/\/visitvinkovci.com\/en\/wp-json\/wp\/v2\/pages\/4380\/revisions"}],"predecessor-version":[{"id":9314,"href":"https:\/\/visitvinkovci.com\/en\/wp-json\/wp\/v2\/pages\/4380\/revisions\/9314"}],"wp:attachment":[{"href":"https:\/\/visitvinkovci.com\/en\/wp-json\/wp\/v2\/media?parent=4380"}],"curies":[{"name":"wp","href":"https:\/\/api.w.org\/{rel}","templated":true}]}}

<section class="l-section wpb_row us_custom_381c562c has_text_color height_medium full_height valign_center with_img with_video"><div class="l-section-img" style="background-image: url(https://visitvinkovci.com/wp-content/uploads/2022/05/Srebrno-posude.jpg);" data-img-width="960" data-img-height="651"></div><style>@media(max-width:6px){#us_bg_video_l270{display:none!important}}</style><div class="l-section-video" id="us_bg_video_l270"><video muted loop autoplay playsinline preload="auto"><source type="video/mp4" src="https://visitvinkovci.com/wp-content/uploads/2022/06/10mb-bez-zvuka.mp4" /></video></div><div class="l-section-overlay" style="background:rgba(26,26,26,0.50)"></div><div class="l-section-h i-cf"><div class="g-cols vc_row via_flex valign_top type_default"><div class="vc_col-sm-12 wpb_column vc_column_container"><div class="vc_column-inner"><div class="wpb_wrapper"><div class="g-cols wpb_row via_flex valign_top type_default"><div class="vc_col-sm-12 wpb_column vc_column_container"><div class="vc_column-inner"><div class="wpb_wrapper"></div></div></div></div><div class="wpb_text_column"><div class="wpb_wrapper"><h1 style="text-align: center;">TOWN MUSEUM VINKOVCI</h1>
</div></div><div class="w-btn-wrapper align_center"><a class="w-btn us-btn-style_1 us_custom_703b2333" title="Roman days" href="https://muzejvk.hr/"><span class="w-btn-label">EXPLORE MORE</span></a></div></div></div></div></div></div></section><section class="l-section wpb_row us_custom_381c562c has_text_color height_medium full_height valign_center with_img parallax_fixed"><div class="l-section-img" style="background-image: url(https://visitvinkovci.com/wp-content/uploads/2024/12/Knjiznica-Otvorenje-4-of-199-scaled.jpg);" data-img-width="2560" data-img-height="1707"></div><div class="l-section-overlay" style="background:rgba(26,26,26,0.50)"></div><div class="l-section-h i-cf"><div class="g-cols vc_row via_flex valign_top type_default"><div class="vc_col-sm-6 wpb_column vc_column_container"><div class="vc_column-inner"><div class="wpb_wrapper"><div class="wpb_text_column"><div class="wpb_wrapper"><h1>GRADSKA KNJIŽNICA I ČITAONICA VINKOVCI</h1>
<p>Nova moderna Gradska knjižnica i čitaonica Vinkovci sljednica je Vinkovačke čitaonice koja je osnovana 9. kolovoza 1875. godine.</p>
</div></div><div class="w-btn-wrapper align_none"><a class="w-btn us-btn-style_1" title="Saznaj više" href="https://visitvinkovci.com/en/istrazite/gradska-knjiznica-i-citaonica-vinkovci/"><span class="w-btn-label">LEARN MORE</span></a></div></div></div></div><div class="vc_col-sm-6 wpb_column vc_column_container"><div class="vc_column-inner"><div class="wpb_wrapper"></div></div></div></div></div></section><section class="l-section wpb_row us_custom_381c562c has_text_color height_medium full_height valign_center with_img parallax_fixed"><div class="l-section-img" style="background-image: url(https://visitvinkovci.com/wp-content/uploads/2024/12/kazaliste-web-3-scaled.jpg);" data-img-width="2560" data-img-height="1441"></div><div class="l-section-overlay" style="background:rgba(26,26,26,0.50)"></div><div class="l-section-h i-cf"><div class="g-cols vc_row via_flex valign_top type_default"><div class="vc_col-sm-6 wpb_column vc_column_container"><div class="vc_column-inner"><div class="wpb_wrapper"></div></div></div><div class="vc_col-sm-6 wpb_column vc_column_container"><div class="vc_column-inner"><div class="wpb_wrapper"><div class="wpb_text_column"><div class="wpb_wrapper"><h1>GRADSKO KAZALIŠTE &#8220;JOZA IVAKIĆ&#8221; VINKOVCI</h1>
<p>Kazališna tradicija u Vinkovcima seže u daleku 1917. godinu kada je Diletantsko kazalište izvelo &#8220;Prosce&#8221; Ise Velikanovića. i &#8220;Začarani ormar&#8221; Ferde Ž. Milera. Ova djela najavila su bogati građanski repertoar vinkovačkoj sceni do drugog velikog rata. Već 5.. srpnja 1945. formirano je Narodno kazalište Vinkovci, a predstavom &#8220;Požar strasti&#8221; J. Kosora najavilo je zavičajni repertoar.</p>
</div></div><div class="w-btn-wrapper align_none"><a class="w-btn us-btn-style_1" href="https://visitvinkovci.com/en/gradsko-kazaliste-joza-ivakic-vinkovci/"><span class="w-btn-label">LEARN MORE</span></a></div></div></div></div></div></div></section><section class="l-section wpb_row us_custom_381c562c has_text_color height_medium full_height valign_center with_img parallax_fixed"><div class="l-section-img" style="background-image: url(https://visitvinkovci.com/wp-content/uploads/2022/05/rimski_dani-5.jpg);" data-img-width="2400" data-img-height="1600"></div><div class="l-section-overlay" style="background:rgba(26,26,26,0.50)"></div><div class="l-section-h i-cf"><div class="g-cols vc_row via_flex valign_top type_default"><div class="vc_col-sm-6 wpb_column vc_column_container"><div class="vc_column-inner"><div class="wpb_wrapper"><div class="wpb_text_column"><div class="wpb_wrapper"><h1>ROMAN DAYS</h1>
<p>Roman Days is an event to present the rich history and influence of the Roman Empire on the area of ​​the town of Vinkovci. Vinkovci, then Colonia Aurelia Cibalae…</p>
</div></div><div class="w-btn-wrapper align_none"><a class="w-btn us-btn-style_1 us_custom_703b2333" title="Roman days" href="https://visitvinkovci.com/en/istrazite/rimski-dani/"><span class="w-btn-label">LEARN MORE</span></a></div></div></div></div><div class="vc_col-sm-6 wpb_column vc_column_container"><div class="vc_column-inner"><div class="wpb_wrapper"></div></div></div></div></div></section><section class="l-section wpb_row us_custom_381c562c has_text_color height_medium full_height valign_center with_img parallax_fixed"><div class="l-section-img" style="background-image: url(https://visitvinkovci.com/wp-content/uploads/2022/05/vinkovacke_jeseni-3.jpg);" data-img-width="2400" data-img-height="1600"></div><div class="l-section-overlay" style="background:rgba(26,26,26,0.50)"></div><div class="l-section-h i-cf"><div class="g-cols vc_row via_flex valign_top type_default"><div class="vc_col-sm-6 wpb_column vc_column_container"><div class="vc_column-inner"><div class="wpb_wrapper"></div></div></div><div class="vc_col-sm-6 wpb_column vc_column_container"><div class="vc_column-inner"><div class="wpb_wrapper"><div class="wpb_text_column"><div class="wpb_wrapper"><h1>VINKOVAČKE JESENI</h1>
<p>The apple is a symbol of the festival Vinkovačke jeseni (Vinkovci Autumn) – the oldest and most significant cultural and artistic manifestation of this region.</p>
</div></div><div class="w-btn-wrapper align_none"><a class="w-btn us-btn-style_1 us_custom_703b2333" title="Sopot" href="https://visitvinkovci.com/en/istrazite/vinkovacke-jeseni/"><span class="w-btn-label">LEARN MORE</span></a></div></div></div></div></div></div></section><section class="l-section wpb_row us_custom_381c562c section-priroda has_text_color height_medium full_height valign_center with_img parallax_fixed"><div class="l-section-img" style="background-image: url(https://visitvinkovci.com/wp-content/uploads/2022/06/istrazite-priroda.jpg);" data-img-width="1280" data-img-height="853"></div><div class="l-section-overlay" style="background:rgba(26,26,26,0.50)"></div><div class="l-section-h i-cf"><div class="g-cols vc_row via_flex valign_top type_default"><div class="vc_col-sm-6 wpb_column vc_column_container"><div class="vc_column-inner"><div class="wpb_wrapper"><div class="wpb_text_column"><div class="wpb_wrapper"><h1>NATURE</h1>
<p>If you come to Vinkovci from the motorway, you will pass through the centuries-old oak forest in Kunjevci even before entering the town. Whether you are a passionate hunter and fisherman or just an interested nature observer, Slavonian forest is well worth your visit.</p>
</div></div><div class="wpb_text_column us_custom_19f9061b has_text_color"><div class="wpb_wrapper"><p>Author of photo: Mario Romulić</p>
</div></div><div class="w-btn-wrapper align_none"><a class="w-btn us-btn-style_1 us_custom_703b2333" title="Roman days" href="https://visitvinkovci.com/en/istrazite/priroda/"><span class="w-btn-label">LEARN MORE</span></a></div></div></div></div><div class="vc_col-sm-6 wpb_column vc_column_container"><div class="vc_column-inner"><div class="wpb_wrapper"></div></div></div></div></div></section><section class="l-section wpb_row us_custom_381c562c has_text_color height_medium full_height valign_center with_img parallax_fixed"><div class="l-section-img" style="background-image: url(https://visitvinkovci.com/wp-content/uploads/2022/05/Sakralna-bastina.jpg);" data-img-width="1920" data-img-height="1280"></div><div class="l-section-overlay" style="background:rgba(26,26,26,0.50)"></div><div class="l-section-h i-cf"><div class="g-cols vc_row via_flex valign_top type_default"><div class="vc_col-sm-6 wpb_column vc_column_container"><div class="vc_column-inner"><div class="wpb_wrapper"></div></div></div><div class="vc_col-sm-6 wpb_column vc_column_container"><div class="vc_column-inner"><div class="wpb_wrapper"><div class="wpb_text_column"><div class="wpb_wrapper"><h1>SACRAL HERITAGE</h1>
<p>Cibalae belongs to the most prominent early Christian centres. In early as 3rd it had a bishop, Eusebius, who died as a martyr in the persecution of Christians during Emperor Valerian in 258 AD.</p>
</div></div><div class="w-btn-wrapper align_none"><a class="w-btn us-btn-style_1 us_custom_703b2333" title="Sopot" href="https://visitvinkovci.com/en/istrazite/sakralna-bastina/"><span class="w-btn-label">LEARN MORE</span></a></div></div></div></div></div></div></section>

GRADSKI MUZEJ VINKOVCI ISTRAŽITE VIŠEGRADSKA KNJIŽNICA I ČITAONICA VINKOVCI Nova moderna Gradska knjižnica i čitaonica Vinkovci sljednica je Vinkovačke čitaonice koja je osnovana 9. kolovoza 1875. godine. SAZNAJ VIŠEGRADSKO KAZALIŠTE...
