{"id":11875,"date":"2026-09-03T13:00:04","date_gmt":"2026-09-03T11:00:04","guid":{"rendered":"https:\/\/visitvinkovci.com\/wp-content\/uploads\/2026\/09\/Povodom-Medunarodnog-dana-pismenosti-pozivamo-vas-na-predstavljanje-knjige-Vlast-i-pravopis-dr.-sc.-Kresimira-Micanovica-A4.jpg"},"modified":"2026-09-03T13:00:04","modified_gmt":"2026-09-03T11:00:04","slug":"povodom-medunarodnog-dana-pismenosti-pozivamo-vas-na-predstavljanje-knjige-vlast-i-pravopis-dr-sc-kresimira-micanovica-a4","status":"inherit","type":"attachment","link":"https:\/\/visitvinkovci.com\/en\/events\/predstavljanje-knjige-vlast-i-pravopis-kresimir-micanovic\/povodom-medunarodnog-dana-pismenosti-pozivamo-vas-na-predstavljanje-knjige-vlast-i-pravopis-dr-sc-kresimira-micanovica-a4\/","title":{"rendered":"Povodom Me\u0111unarodnog dana pismenosti pozivamo vas na predstavljanje knjige Vlast i pravopis dr. sc. Kre\u0161imira Mi\u0107anovi\u0107a (A4)"},"author":2,"featured_media":0,"comment_status":"","ping_status":"closed","template":"","meta":[],"class_list":["post-11875","attachment","type-attachment","status-inherit","hentry"],"acf":[],"description":{"rendered":"<p class=\"attachment\"><a ref=\"magnificPopup\" href='https:\/\/visitvinkovci.com\/wp-content\/uploads\/2026\/09\/Povodom-Medunarodnog-dana-pismenosti-pozivamo-vas-na-predstavljanje-knjige-Vlast-i-pravopis-dr.-sc.-Kresimira-Micanovica-A4.jpg'><img loading=\"lazy\" decoding=\"async\" width=\"212\" height=\"300\" src=\"https:\/\/visitvinkovci.com\/wp-content\/uploads\/2026\/09\/Povodom-Medunarodnog-dana-pismenosti-pozivamo-vas-na-predstavljanje-knjige-Vlast-i-pravopis-dr.-sc.-Kresimira-Micanovica-A4-212x300.jpg\" class=\"attachment-medium size-medium\" alt=\"\" srcset=\"https:\/\/visitvinkovci.com\/wp-content\/uploads\/2026\/09\/Povodom-Medunarodnog-dana-pismenosti-pozivamo-vas-na-predstavljanje-knjige-Vlast-i-pravopis-dr.-sc.-Kresimira-Micanovica-A4-212x300.jpg 212w, https:\/\/visitvinkovci.com\/wp-content\/uploads\/2026\/09\/Povodom-Medunarodnog-dana-pismenosti-pozivamo-vas-na-predstavljanje-knjige-Vlast-i-pravopis-dr.-sc.-Kresimira-Micanovica-A4-724x1024.jpg 724w, https:\/\/visitvinkovci.com\/wp-content\/uploads\/2026\/09\/Povodom-Medunarodnog-dana-pismenosti-pozivamo-vas-na-predstavljanje-knjige-Vlast-i-pravopis-dr.-sc.-Kresimira-Micanovica-A4-8x12.jpg 8w, https:\/\/visitvinkovci.com\/wp-content\/uploads\/2026\/09\/Povodom-Medunarodnog-dana-pismenosti-pozivamo-vas-na-predstavljanje-knjige-Vlast-i-pravopis-dr.-sc.-Kresimira-Micanovica-A4.jpg 1414w\" sizes=\"auto, (max-width: 212px) 100vw, 212px\" \/><\/a><\/p>\n"},"caption":{"rendered":""},"alt_text":"","media_type":"image","mime_type":"image\/jpeg","media_details":{"width":1414,"height":2000,"file":"2026\/09\/Povodom-Medunarodnog-dana-pismenosti-pozivamo-vas-na-predstavljanje-knjige-Vlast-i-pravopis-dr.-sc.-Kresimira-Micanovica-A4.jpg","filesize":204519,"sizes":{"medium":{"file":"Povodom-Medunarodnog-dana-pismenosti-pozivamo-vas-na-predstavljanje-knjige-Vlast-i-pravopis-dr.-sc.-Kresimira-Micanovica-A4-212x300.jpg","width":212,"height":300,"filesize":16072,"mime_type":"image\/jpeg","source_url":"https:\/\/visitvinkovci.com\/wp-content\/uploads\/2026\/09\/Povodom-Medunarodnog-dana-pismenosti-pozivamo-vas-na-predstavljanje-knjige-Vlast-i-pravopis-dr.-sc.-Kresimira-Micanovica-A4-212x300.jpg"},"large":{"file":"Povodom-Medunarodnog-dana-pismenosti-pozivamo-vas-na-predstavljanje-knjige-Vlast-i-pravopis-dr.-sc.-Kresimira-Micanovica-A4-724x1024.jpg","width":724,"height":1024,"filesize":78894,"mime_type":"image\/jpeg","source_url":"https:\/\/visitvinkovci.com\/wp-content\/uploads\/2026\/09\/Povodom-Medunarodnog-dana-pismenosti-pozivamo-vas-na-predstavljanje-knjige-Vlast-i-pravopis-dr.-sc.-Kresimira-Micanovica-A4-724x1024.jpg"},"thumbnail":{"file":"Povodom-Medunarodnog-dana-pismenosti-pozivamo-vas-na-predstavljanje-knjige-Vlast-i-pravopis-dr.-sc.-Kresimira-Micanovica-A4-150x150.jpg","width":150,"height":150,"filesize":9587,"mime_type":"image\/jpeg","source_url":"https:\/\/visitvinkovci.com\/wp-content\/uploads\/2026\/09\/Povodom-Medunarodnog-dana-pismenosti-pozivamo-vas-na-predstavljanje-knjige-Vlast-i-pravopis-dr.-sc.-Kresimira-Micanovica-A4-150x150.jpg"},"trp-custom-language-flag":{"file":"Povodom-Medunarodnog-dana-pismenosti-pozivamo-vas-na-predstavljanje-knjige-Vlast-i-pravopis-dr.-sc.-Kresimira-Micanovica-A4-8x12.jpg","width":8,"height":12,"filesize":4505,"mime_type":"image\/jpeg","source_url":"https:\/\/visitvinkovci.com\/wp-content\/uploads\/2026\/09\/Povodom-Medunarodnog-dana-pismenosti-pozivamo-vas-na-predstavljanje-knjige-Vlast-i-pravopis-dr.-sc.-Kresimira-Micanovica-A4-8x12.jpg"},"full":{"file":"Povodom-Medunarodnog-dana-pismenosti-pozivamo-vas-na-predstavljanje-knjige-Vlast-i-pravopis-dr.-sc.-Kresimira-Micanovica-A4.jpg","width":1414,"height":2000,"mime_type":"image\/jpeg","source_url":"https:\/\/visitvinkovci.com\/wp-content\/uploads\/2026\/09\/Povodom-Medunarodnog-dana-pismenosti-pozivamo-vas-na-predstavljanje-knjige-Vlast-i-pravopis-dr.-sc.-Kresimira-Micanovica-A4.jpg"}},"image_meta":{"aperture":"0","credit":"","camera":"","caption":"","created_timestamp":"0","copyright":"","focal_length":"0","iso":"0","shutter_speed":"0","title":"","orientation":"1","keywords":[],"alt":""}},"post":11874,"source_url":"https:\/\/visitvinkovci.com\/wp-content\/uploads\/2026\/09\/Povodom-Medunarodnog-dana-pismenosti-pozivamo-vas-na-predstavljanje-knjige-Vlast-i-pravopis-dr.-sc.-Kresimira-Micanovica-A4.jpg","filename":"Povodom-Medunarodnog-dana-pismenosti-pozivamo-vas-na-predstavljanje-knjige-Vlast-i-pravopis-dr.-sc.-Kresimira-Micanovica-A4.jpg","filesize":204519,"_links":{"self":[{"href":"https:\/\/visitvinkovci.com\/en\/wp-json\/wp\/v2\/media\/11875","targetHints":{"allow":["GET"]}}],"collection":[{"href":"https:\/\/visitvinkovci.com\/en\/wp-json\/wp\/v2\/media"}],"about":[{"href":"https:\/\/visitvinkovci.com\/en\/wp-json\/wp\/v2\/types\/attachment"}],"author":[{"embeddable":true,"href":"https:\/\/visitvinkovci.com\/en\/wp-json\/wp\/v2\/users\/2"}],"replies":[{"embeddable":true,"href":"https:\/\/visitvinkovci.com\/en\/wp-json\/wp\/v2\/comments?post=11875"}],"wp:attached-to":[{"embeddable":true,"post_type":"events","id":11874,"href":"https:\/\/visitvinkovci.com\/en\/wp-json\/wp\/v2\/events\/11874"}],"curies":[{"name":"wp","href":"https:\/\/api.w.org\/{rel}","templated":true}]}}

Povodom Međunarodnog dana pismenosti pozivamo vas na predstavljanje knjige Vlast i pravopis dr. sc. Krešimira Mićanovića (A4)
