{"id":7492,"date":"2023-05-06T11:00:01","date_gmt":"2023-05-06T09:00:01","guid":{"rendered":"https:\/\/visitvinkovci.com\/?post_type=tribe_events&#038;p=7492"},"modified":"2023-05-03T13:53:54","modified_gmt":"2023-05-03T11:53:54","slug":"pljusak-komedija-u-tri-cina","status":"publish","type":"tribe_events","link":"https:\/\/visitvinkovci.com\/de\/event\/pljusak-komedija-u-tri-cina\/","title":{"rendered":"&#8220;Basne&#8221; predstava za djecu"},"content":{"rendered":"<p style=\"font-weight: 400;\"><strong>Datum odr\u017eavanja: nedjelja, 6. svibnja 2023.<\/strong><\/p>\n<p style=\"font-weight: 400;\"><strong>Vrijeme odr\u017eavanja: 11:00 sati\u00a0<\/strong><\/p>\n<p><strong>Mjesto odr\u017eavanja: Gradsko kazali\u0161te Joza Ivaki\u0107 Vinkovci<\/strong><\/p>\n<p style=\"font-weight: 400;\">PRODUKCIJA: Kazali\u0161te Virovitica<br \/>\nTekst: Ezop\/Jean de La Fontaine \/ Dra\u0161ko Zidar<br \/>\nRe\u017eija: Dra\u0161ko Zidar i Igor Golub<br \/>\nIgraju: Snje\u017eana Lan\u010di\u0107, Vlasta Golub i Igor Golub<\/p>\n<p>Pet poznatih basni (Cvr\u010dak i mrav, Lisica i gavran, Lisica i roda, Kornja\u010da i zec, Mi\u0161 i lav) u kojima \u201e\u017eivotinje zbore ko ljudi i svaka neku pouku nudi\u201c u ovoj je predstavi prikazano na vedar i komi\u010dan na\u010din. Dinami\u010dna igra i brza izmjena scena odvija se u prepoznatljivoj maniri animiranih filmova pa garantira prijem\u010divost dje\u010dje publike. Kroz veselu igru, dopadljive likove, domi\u0161ljatu re\u017eiju, ma\u0161tovite kostime i \u0161aroliku scenografiju, edukativan karakter predstave progovara na zabavan na\u010din. Pa tako autor ove vesele i duhovite dramatizacije i adaptacije u stihovima, Dra\u0161ko Zidar, poru\u010duje:<\/p>\n<p>\u201eSlu\u0161ajte, djeco, mudrosti basne<br \/>\nI mnoge stvari bit \u0107e vam jasne.<br \/>\nSlu\u0161ajte basne mudru notu<br \/>\nMudrosti nam svima treba u \u017eivotu.\u201c<\/p>\n<p>Trajanje predstave: 40 min.<br \/>\nDob: 3+<br \/>\nCIJENA ULAZNICE: pretprodaja 3 eura \/ na dan izvedbe 4 eura \/ za grupe 3 eura<\/p>","protected":false},"excerpt":{"rendered":"<p>Datum odr\u017eavanja: nedjelja, 6. svibnja 2023. Vrijeme odr\u017eavanja: 11:00 sati\u00a0 Mjesto odr\u017eavanja: Gradsko kazali\u0161te Joza Ivaki\u0107 Vinkovci PRODUKCIJA: Kazali\u0161te Virovitica Tekst: Ezop\/Jean de La Fontaine \/ Dra\u0161ko Zidar Re\u017eija: Dra\u0161ko&#8230;<\/p>","protected":false},"author":2,"featured_media":7490,"comment_status":"open","ping_status":"closed","template":"","meta":{"_tribe_events_status":"","_tribe_events_status_reason":"","footnotes":""},"tags":[],"tribe_events_cat":[],"class_list":["post-7492","tribe_events","type-tribe_events","status-publish","has-post-thumbnail","hentry"],"acf":[],"_links":{"self":[{"href":"https:\/\/visitvinkovci.com\/de\/wp-json\/wp\/v2\/tribe_events\/7492","targetHints":{"allow":["GET"]}}],"collection":[{"href":"https:\/\/visitvinkovci.com\/de\/wp-json\/wp\/v2\/tribe_events"}],"about":[{"href":"https:\/\/visitvinkovci.com\/de\/wp-json\/wp\/v2\/types\/tribe_events"}],"author":[{"embeddable":true,"href":"https:\/\/visitvinkovci.com\/de\/wp-json\/wp\/v2\/users\/2"}],"replies":[{"embeddable":true,"href":"https:\/\/visitvinkovci.com\/de\/wp-json\/wp\/v2\/comments?post=7492"}],"version-history":[{"count":3,"href":"https:\/\/visitvinkovci.com\/de\/wp-json\/wp\/v2\/tribe_events\/7492\/revisions"}],"predecessor-version":[{"id":7496,"href":"https:\/\/visitvinkovci.com\/de\/wp-json\/wp\/v2\/tribe_events\/7492\/revisions\/7496"}],"wp:featuredmedia":[{"embeddable":true,"href":"https:\/\/visitvinkovci.com\/de\/wp-json\/wp\/v2\/media\/7490"}],"wp:attachment":[{"href":"https:\/\/visitvinkovci.com\/de\/wp-json\/wp\/v2\/media?parent=7492"}],"wp:term":[{"taxonomy":"post_tag","embeddable":true,"href":"https:\/\/visitvinkovci.com\/de\/wp-json\/wp\/v2\/tags?post=7492"},{"taxonomy":"tribe_events_cat","embeddable":true,"href":"https:\/\/visitvinkovci.com\/de\/wp-json\/wp\/v2\/tribe_events_cat?post=7492"}],"curies":[{"name":"wp","href":"https:\/\/api.w.org\/{rel}","templated":true}]}}

<p style="font-weight: 400;"><strong>Datum održavanja: nedjelja, 6. svibnja 2023.</strong></p>
<p style="font-weight: 400;"><strong>Vrijeme održavanja: 11:00 sati </strong></p>
<p><strong>Mjesto održavanja: Gradsko kazalište Joza Ivakić Vinkovci</strong></p>
<p style="font-weight: 400;">PRODUKCIJA: Kazalište Virovitica<br />
Tekst: Ezop/Jean de La Fontaine / Draško Zidar<br />
Režija: Draško Zidar i Igor Golub<br />
Igraju: Snježana Lančić, Vlasta Golub i Igor Golub</p>
<p>Pet poznatih basni (Cvrčak i mrav, Lisica i gavran, Lisica i roda, Kornjača i zec, Miš i lav) u kojima „životinje zbore ko ljudi i svaka neku pouku nudi“ u ovoj je predstavi prikazano na vedar i komičan način. Dinamična igra i brza izmjena scena odvija se u prepoznatljivoj maniri animiranih filmova pa garantira prijemčivost dječje publike. Kroz veselu igru, dopadljive likove, domišljatu režiju, maštovite kostime i šaroliku scenografiju, edukativan karakter predstave progovara na zabavan način. Pa tako autor ove vesele i duhovite dramatizacije i adaptacije u stihovima, Draško Zidar, poručuje:</p>
<p>„Slušajte, djeco, mudrosti basne<br />
I mnoge stvari bit će vam jasne.<br />
Slušajte basne mudru notu<br />
Mudrosti nam svima treba u životu.“</p>
<p>Trajanje predstave: 40 min.<br />
Dob: 3+<br />
CIJENA ULAZNICE: pretprodaja 3 eura / na dan izvedbe 4 eura / za grupe 3 eura</p>

<p>Datum održavanja: nedjelja, 6. svibnja 2023. Vrijeme održavanja: 11:00 sati  Mjesto održavanja: Gradsko kazalište Joza Ivakić Vinkovci PRODUKCIJA: Kazalište Virovitica Tekst: Ezop/Jean de La Fontaine / Draško Zidar Režija: Draško&#8230;</p>
