{"id":7416,"date":"2023-06-17T12:29:46","date_gmt":"2023-06-17T10:29:46","guid":{"rendered":"https:\/\/visitvinkovci.com\/?post_type=events&#038;p=7416"},"modified":"2023-05-22T14:47:39","modified_gmt":"2023-05-22T12:47:39","slug":"x-rimski-dani-2023","status":"publish","type":"events","link":"https:\/\/visitvinkovci.com\/de\/events\/x-rimski-dani-2023\/","title":{"rendered":"X. Rimski dani 2023"},"content":{"rendered":"<p>Moto ovogodi\u0161njih jubilarnih Rimskih dana glasi: <b><i>Decenalija \u2013 deseti Rimski dani u Rimkovcima,\u00a0<\/i><\/b>govori o obi\u010daju koji potje\u010de jo\u0161 iz 27. godine kada se car August odrekao svoje vladavine i vratio ju narodu, no narod je to odbio i vratio vlast u ruke caru \u010dijom je vladavinom bio zadovoljan. Nakon takvih primopredaja vlasti uslijedila je zabava, a tako \u0107e biti i ove godine na Rimskim danima u Rimkovcima.<br \/>\nPosjetite Rimski sajam, kreativne i edukativne radionice, anti\u010dki kamp, kino, zabavno glazbeni program Adastra, Soulfingersi i jo\u0161 mnogo drugih aktivnosti za sve uzraste.<br \/>\nVidimo se !!!<\/p>\n<p><a href=\"https:\/\/visitvinkovci.com\/de\/events\/x-rimski-dani-2023-2\/letak-front_page-0001\/\"><img loading=\"lazy\" decoding=\"async\" class=\"alignnone wp-image-7582 size-medium\" src=\"https:\/\/visitvinkovci.com\/wp-content\/uploads\/2023\/06\/LETAK-FRONT_page-0001-180x300.jpg\" alt=\"\" width=\"180\" height=\"300\" srcset=\"https:\/\/visitvinkovci.com\/wp-content\/uploads\/2023\/06\/LETAK-FRONT_page-0001-180x300.jpg 180w, https:\/\/visitvinkovci.com\/wp-content\/uploads\/2023\/06\/LETAK-FRONT_page-0001-614x1024.jpg 614w, https:\/\/visitvinkovci.com\/wp-content\/uploads\/2023\/06\/LETAK-FRONT_page-0001-7x12.jpg 7w, https:\/\/visitvinkovci.com\/wp-content\/uploads\/2023\/06\/LETAK-FRONT_page-0001.jpg 709w\" sizes=\"auto, (max-width: 180px) 100vw, 180px\" \/><\/a><\/p>\n<p><a href=\"https:\/\/visitvinkovci.com\/de\/events\/x-rimski-dani-2023-2\/letak-iznutra_page-0001\/\"><img loading=\"lazy\" decoding=\"async\" class=\"alignnone wp-image-7583 size-medium\" src=\"https:\/\/visitvinkovci.com\/wp-content\/uploads\/2023\/06\/LETAK-IZNUTRA_page-0001-90x300.jpg\" alt=\"\" width=\"90\" height=\"300\" srcset=\"https:\/\/visitvinkovci.com\/wp-content\/uploads\/2023\/06\/LETAK-IZNUTRA_page-0001-90x300.jpg 90w, https:\/\/visitvinkovci.com\/wp-content\/uploads\/2023\/06\/LETAK-IZNUTRA_page-0001-307x1024.jpg 307w, https:\/\/visitvinkovci.com\/wp-content\/uploads\/2023\/06\/LETAK-IZNUTRA_page-0001-4x12.jpg 4w, https:\/\/visitvinkovci.com\/wp-content\/uploads\/2023\/06\/LETAK-IZNUTRA_page-0001.jpg 709w\" sizes=\"auto, (max-width: 90px) 100vw, 90px\" \/><\/a><\/p>\n<p><a href=\"https:\/\/visitvinkovci.com\/de\/events\/x-rimski-dani-2023-2\/letak-back_page-0001\/\"><img loading=\"lazy\" decoding=\"async\" class=\"alignnone wp-image-7584 size-medium\" src=\"https:\/\/visitvinkovci.com\/wp-content\/uploads\/2023\/06\/LETAK-BACK_page-0001-180x300.jpg\" alt=\"\" width=\"180\" height=\"300\" srcset=\"https:\/\/visitvinkovci.com\/wp-content\/uploads\/2023\/06\/LETAK-BACK_page-0001-180x300.jpg 180w, https:\/\/visitvinkovci.com\/wp-content\/uploads\/2023\/06\/LETAK-BACK_page-0001-614x1024.jpg 614w, https:\/\/visitvinkovci.com\/wp-content\/uploads\/2023\/06\/LETAK-BACK_page-0001-7x12.jpg 7w, https:\/\/visitvinkovci.com\/wp-content\/uploads\/2023\/06\/LETAK-BACK_page-0001.jpg 709w\" sizes=\"auto, (max-width: 180px) 100vw, 180px\" \/><\/a><\/p>\n<p><a href=\"https:\/\/visitvinkovci.com\/de\/events\/x-rimski-dani-u-vinkovcima-16-18-lipnja-2023\/rimski-dani-2023-plakat\/\"><img loading=\"lazy\" decoding=\"async\" class=\"alignnone wp-image-7414 size-medium\" src=\"https:\/\/visitvinkovci.com\/wp-content\/uploads\/2023\/04\/Rimski-dani-2023-plakat-300x203.jpg\" alt=\"\" width=\"300\" height=\"203\" srcset=\"https:\/\/visitvinkovci.com\/wp-content\/uploads\/2023\/04\/Rimski-dani-2023-plakat-300x203.jpg 300w, https:\/\/visitvinkovci.com\/wp-content\/uploads\/2023\/04\/Rimski-dani-2023-plakat-1024x692.jpg 1024w, https:\/\/visitvinkovci.com\/wp-content\/uploads\/2023\/04\/Rimski-dani-2023-plakat-1320x893.jpg 1320w\" sizes=\"auto, (max-width: 300px) 100vw, 300px\" \/><\/a><\/p>","protected":false},"featured_media":0,"template":"","class_list":["post-7416","events","type-events","status-publish","hentry"],"acf":[],"_links":{"self":[{"href":"https:\/\/visitvinkovci.com\/de\/wp-json\/wp\/v2\/events\/7416","targetHints":{"allow":["GET"]}}],"collection":[{"href":"https:\/\/visitvinkovci.com\/de\/wp-json\/wp\/v2\/events"}],"about":[{"href":"https:\/\/visitvinkovci.com\/de\/wp-json\/wp\/v2\/types\/events"}],"wp:attachment":[{"href":"https:\/\/visitvinkovci.com\/de\/wp-json\/wp\/v2\/media?parent=7416"}],"curies":[{"name":"wp","href":"https:\/\/api.w.org\/{rel}","templated":true}]}}

<p>Moto ovogodišnjih jubilarnih Rimskih dana glasi: <b><i>Decenalija – deseti Rimski dani u Rimkovcima, </i></b>govori o običaju koji potječe još iz 27. godine kada se car August odrekao svoje vladavine i vratio ju narodu, no narod je to odbio i vratio vlast u ruke caru čijom je vladavinom bio zadovoljan. Nakon takvih primopredaja vlasti uslijedila je zabava, a tako će biti i ove godine na Rimskim danima u Rimkovcima.<br />
Posjetite Rimski sajam, kreativne i edukativne radionice, antički kamp, kino, zabavno glazbeni program Adastra, Soulfingersi i još mnogo drugih aktivnosti za sve uzraste.<br />
Vidimo se !!!</p>
<p><a href="https://visitvinkovci.com/de/events/x-rimski-dani-2023-2/letak-front_page-0001/"><img loading="lazy" decoding="async" class="alignnone wp-image-7582 size-medium" src="https://visitvinkovci.com/wp-content/uploads/2023/06/LETAK-FRONT_page-0001-180x300.jpg" alt="" width="180" height="300" srcset="https://visitvinkovci.com/wp-content/uploads/2023/06/LETAK-FRONT_page-0001-180x300.jpg 180w, https://visitvinkovci.com/wp-content/uploads/2023/06/LETAK-FRONT_page-0001-614x1024.jpg 614w, https://visitvinkovci.com/wp-content/uploads/2023/06/LETAK-FRONT_page-0001-7x12.jpg 7w, https://visitvinkovci.com/wp-content/uploads/2023/06/LETAK-FRONT_page-0001.jpg 709w" sizes="auto, (max-width: 180px) 100vw, 180px" /></a></p>
<p><a href="https://visitvinkovci.com/de/events/x-rimski-dani-2023-2/letak-iznutra_page-0001/"><img loading="lazy" decoding="async" class="alignnone wp-image-7583 size-medium" src="https://visitvinkovci.com/wp-content/uploads/2023/06/LETAK-IZNUTRA_page-0001-90x300.jpg" alt="" width="90" height="300" srcset="https://visitvinkovci.com/wp-content/uploads/2023/06/LETAK-IZNUTRA_page-0001-90x300.jpg 90w, https://visitvinkovci.com/wp-content/uploads/2023/06/LETAK-IZNUTRA_page-0001-307x1024.jpg 307w, https://visitvinkovci.com/wp-content/uploads/2023/06/LETAK-IZNUTRA_page-0001-4x12.jpg 4w, https://visitvinkovci.com/wp-content/uploads/2023/06/LETAK-IZNUTRA_page-0001.jpg 709w" sizes="auto, (max-width: 90px) 100vw, 90px" /></a></p>
<p><a href="https://visitvinkovci.com/de/events/x-rimski-dani-2023-2/letak-back_page-0001/"><img loading="lazy" decoding="async" class="alignnone wp-image-7584 size-medium" src="https://visitvinkovci.com/wp-content/uploads/2023/06/LETAK-BACK_page-0001-180x300.jpg" alt="" width="180" height="300" srcset="https://visitvinkovci.com/wp-content/uploads/2023/06/LETAK-BACK_page-0001-180x300.jpg 180w, https://visitvinkovci.com/wp-content/uploads/2023/06/LETAK-BACK_page-0001-614x1024.jpg 614w, https://visitvinkovci.com/wp-content/uploads/2023/06/LETAK-BACK_page-0001-7x12.jpg 7w, https://visitvinkovci.com/wp-content/uploads/2023/06/LETAK-BACK_page-0001.jpg 709w" sizes="auto, (max-width: 180px) 100vw, 180px" /></a></p>
<p><a href="https://visitvinkovci.com/de/events/x-rimski-dani-u-vinkovcima-16-18-lipnja-2023/rimski-dani-2023-plakat/"><img loading="lazy" decoding="async" class="alignnone wp-image-7414 size-medium" src="https://visitvinkovci.com/wp-content/uploads/2023/04/Rimski-dani-2023-plakat-300x203.jpg" alt="" width="300" height="203" srcset="https://visitvinkovci.com/wp-content/uploads/2023/04/Rimski-dani-2023-plakat-300x203.jpg 300w, https://visitvinkovci.com/wp-content/uploads/2023/04/Rimski-dani-2023-plakat-1024x692.jpg 1024w, https://visitvinkovci.com/wp-content/uploads/2023/04/Rimski-dani-2023-plakat-1320x893.jpg 1320w" sizes="auto, (max-width: 300px) 100vw, 300px" /></a></p>
